441.
3, 11, 2377
What are the prime factors of 382061?
382061
List the prime factors of 209710.
2, 5, 67, 313
List the prime factors of 88319.
7, 11, 31, 37
What are the prime factors of 244573?
7, 34939
List the prime factors of 17947588.
2, 83, 54059
What are the prime factors of 217844?
2, 11, 4951
List the prime factors of 10199070.
2, 3, 5, 7, 16189
What are the prime factors of 2466389?
2466389
List the prime factors of 15629618.
2, 7814809
What are the prime factors of 1131126?
2, 3, 53, 3557
List the prime factors of 517597.
517597
What are the prime factors of 159542?
2, 241, 331
List the prime factors of 3160418.
2, 557, 2837
What are the prime factors of 4226759?
19, 222461
List the prime factors of 6063640.
2, 5, 11, 13781
List the prime factors of 195901.
227, 863
What are the prime factors of 67597?
23, 2939
List the prime factors of 14063903.
7, 67, 157, 191
List the prime factors of 638043.
3, 7, 23, 1321
What are the prime factors of 6477056?
2, 25301
List the prime factors of 261780.
2, 3, 5, 4363
What are the prime factors of 304030?
2, 5, 30403
List the prime factors of 9562613.
37, 258449
What are the prime factors of 4854962?
2, 7, 17, 20399
What are the prime factors of 7223544?
2, 3, 41, 2447
What are the prime factors of 598906?
2, 7, 11, 3889
List the prime factors of 104420.
2, 5, 23, 227
What are the prime factors of 823833?
3, 239, 383
What are the prime factors of 10491143?
13, 807011
What are the prime factors of 1076915?
5, 7, 29, 1061
What are the prime factors of 14470074?
2, 3, 803893
What are the prime factors of 114980?
2, 5, 5749
What are the prime factors of 35495323?
761, 46643
List the prime factors of 169457.
169457
What are the prime factors of 796415?
5, 47, 3389
List the prime factors of 17944703.
7, 947, 2707
List the prime factors of 203989.
203989
List the prime factors of 374368.
2, 11699
List the prime factors of 46076.
2, 11519
List the prime factors of 1915506.
2, 3, 106417
What are the prime factors of 8023788?
2, 3, 222883
What are the prime factors of 74073?
3, 24691
What are the prime factors of 47869?
47869
List the prime factors of 3681899.
13, 61, 4643
List the prime factors of 387370.
2, 5, 38737
What are the prime factors of 5350740?
2, 3, 5, 257, 347
List the prime factors of 231589.
231589
List the prime factors of 610664.
2, 76333
What are the prime factors of 2093063?
7, 103, 2903
What are the prime factors of 4154673?
3, 19, 72889
What are the prime factors of 172158?
2, 3, 7, 4099
List the prime factors of 220569.
3, 73523
List the prime factors of 659259.
3, 2713
What are the prime factors of 32019?
3, 13, 821
List the prime factors of 21550.
2, 5, 431
List the prime factors of 563227.
7, 17, 4733
What are the prime factors of 318358?
2, 159179
List the prime factors of 81955.
5, 37, 443
List the prime factors of 1257263.
7, 293, 613
List the prime factors of 888401.
877, 1013
What are the prime factors of 3909137?
1693, 2309
List the prime factors of 404369.
7, 61, 947
List the prime factors of 324943.
53, 6131
What are the prime factors of 5389835?
5, 11, 43, 53
List the prime factors of 6072540.
2, 3, 5, 101209
List the prime factors of 32492246.
2, 109, 113, 1319
What are the prime factors of 4338145?
5, 7, 17, 23, 317
What are the prime factors of 71797?
11, 61, 107
What are the prime factors of 153907?
13, 11839
List the prime factors of 7322473.
479, 15287
What are the prime factors of 992799?
3, 110311
What are the prime factors of 250557?
3, 47, 1777
What are the prime factors of 21512823?
3, 41, 174901
List the prime factors of 919237.
11, 71, 107
What are the prime factors of 154552?
2, 19319
List the prime factors of 907615.
5, 181523
List the prime factors of 2843126.
2, 11, 13, 9941
What are the prime factors of 7421071?
7, 29, 139, 263
What are the prime factors of 2362365?
3, 5, 19, 307
List the prime factors of 126831.
3, 67, 631
List the prime factors of 7465569.
3, 859, 2897
What are the prime factors of 4853607?
3, 11, 19, 7741
What are the prime factors of 672600?
2, 3, 5, 19, 59
What are the prime factors of 12128800?
2, 5, 15161
What are the prime factors of 3417452?
2, 854363
List the prime factors of 8881736.
2, 43, 25819
List the prime factors of 402006.
2, 3, 11, 6091
What are the prime factors of 1256523?
3, 31, 59, 229
List the prime factors of 405194.
2, 19, 10663
List the prime factors of 1040697.
3, 7, 16519
List the prime factors of 3968335.
5, 7, 113381
List the prime factors of 15908681.
19, 67, 12497
What are the prime factors of 1109316?
2, 3, 13, 547
What are the prime factors of 15865562?
2, 7932781
List the prime factors of 44421047.
11, 31, 130267
List the prime factors of 96965.
5, 11, 41, 43
List the prime factors of 17322678.
2, 3, 211, 4561
What are the prime factors of 1240474?
2, 620237
List the prime factors of 6556695.
3, 5, 437113
List the prime factors of 221372.
2, 55343
List the prime factors of 8157171.
3, 11, 151, 1637
List the prime factors of 2567519.
2567519
What are the prime factors of 6460368?
2, 3, 134591
List the prime factors of 26862754.
2, 17, 599, 1319
List the prime factors of 264059.
264059
What are the prime factors of 413165?
5, 82633
List the prime factors of 538864.
2, 33679
List the prime factors of 22841.
7, 13, 251
List the prime factors of 224460.
2, 3, 5, 29, 43
List the prime factors of 301744.
2, 18859
What are the prime factors of 796198?
2, 13, 113, 271
List the prime factors of 11798439.
3, 3932813
List the prime factors of 558251.
558251
List the prime factors of 201132.
2, 3, 37, 151
List the prime factors of 1972606.
2, 59, 73, 229
List the prime factors of 931939.
43, 21673
What are the prime factors of 2590931?
7, 370133
What are the prime factors of 75151?
223, 337
What are the prime factors of 108946?
2, 19, 47, 61
What are the prime factors of 2767700?
2, 5, 13, 2129
List the prime factors of 264688.
2, 71, 233
List the prime factors of 135270.
2, 3, 5, 167
List the prime factors of 13396672.
2, 19, 23, 479
What are the prime factors of 1761294?
2, 3, 23, 12763
List the prime factors of 419766.
2, 3, 43, 1627
List the prime factors of 213215.
5, 42643
What are the prime factors of 1030805?
5, 29, 7109
List the prime factors of 728420.
2, 5, 7, 11, 43
List the prime factors of 881933.
13, 179, 379
What are the prime factors of 107045?
5, 79, 271
List the prime factors of 769993.
7, 317, 347
What are the prime factors of 170166?
2, 3, 79, 359
List the prime factors of 1829449.
1829449
List the prime factors of 730078.
2, 365039
What are the prime factors of 225841?
7, 11, 419
List the prime factors of 490814.
2, 245407
List the prime factors of 16253574.
2, 3, 1373, 1973
List the prime factors of 650088.
2, 3, 9029
List the prime factors of 247708.
2, 61927
What are the prime factors of 34523?
19, 23, 79
List the prime factors of 15231837.
3, 5077279
List the prime factors of 493174.
2, 11, 29, 773
List the prime factors of 7863995.
5, 1572799
What are the prime factors of 18345?
3, 5, 1223
List the prime factors of 440810.
2, 5, 17, 2593
List the prime factors of 381129.
3, 7, 18149
What are the prime factors of 6657869?
569, 11701
List the prime factors of 739312.
2, 7, 23, 41
List the prime factors of 4847500.
2, 5, 7, 277
List the prime factors of 1741319.
1741319
List the prime factors of 19576759.
71, 275729
List the prime factors of 103366.
2, 51683
What are the prime factors of 380441?
380441
What are the prime factors of 70665?
3, 5, 7, 673
What are the prime factors of 3245208?
2, 3, 23, 5879
What are the prime factors of 14483078?
2, 911, 7949
What are the prime factors of 119062?
2, 59, 1009
List the prime factors of 23760494.
2, 2027, 5861
List the prime factors of 477009.
3, 13, 151
What are the prime factors of 221749?
11, 19, 1061
List the prime factors of 11365026.
2, 3, 1894171
List the prime factors of 239680.
2, 5, 7, 107
What are the prime factors of 222035?
5, 11, 367
List the prime factors of 67132.
2, 13, 1291
List the prime factors of 6935339.
6935339
List the prime factors of 1517115.
3, 5, 101141
What are the prime factors of 17342115?
3, 5, 7, 23, 43, 167
List the prime factors of 1899112.
2, 277, 857
List the prime factors of 20258859.
3, 6752953
List the 